{"id":62,"date":"2023-09-16T00:02:40","date_gmt":"2023-09-15T22:02:40","guid":{"rendered":"https:\/\/ducourti.com\/?page_id=62"},"modified":"2023-10-21T09:13:54","modified_gmt":"2023-10-21T07:13:54","slug":"assembled-in-sotteville-les-rouen","status":"publish","type":"page","link":"https:\/\/ducourti.com\/index.php\/assembled-in-sotteville-les-rouen\/","title":{"rendered":"Assembl\u00e9 \u00e0 Sotteville-l\u00e8s-Rouen"},"content":{"rendered":"\n<p class=\"has-text-align-center\">Ici, on trouvera des articles assembl\u00e9e \u00e0 la main<\/p>\n\n\n\n<figure class=\"wp-block-image size-large\"><img loading=\"lazy\" decoding=\"async\" width=\"1024\" height=\"1024\" src=\"https:\/\/i0.wp.com\/ducourti.com\/wp-content\/uploads\/2023\/10\/logo-color.png?resize=1024%2C1024&#038;ssl=1\" alt=\"\" class=\"wp-image-394\" srcset=\"https:\/\/i0.wp.com\/ducourti.com\/wp-content\/uploads\/2023\/10\/logo-color.png?resize=1024%2C1024&amp;ssl=1 1024w, https:\/\/i0.wp.com\/ducourti.com\/wp-content\/uploads\/2023\/10\/logo-color.png?resize=300%2C300&amp;ssl=1 300w, https:\/\/i0.wp.com\/ducourti.com\/wp-content\/uploads\/2023\/10\/logo-color.png?resize=150%2C150&amp;ssl=1 150w, https:\/\/i0.wp.com\/ducourti.com\/wp-content\/uploads\/2023\/10\/logo-color.png?resize=768%2C768&amp;ssl=1 768w, https:\/\/i0.wp.com\/ducourti.com\/wp-content\/uploads\/2023\/10\/logo-color.png?resize=600%2C600&amp;ssl=1 600w, https:\/\/i0.wp.com\/ducourti.com\/wp-content\/uploads\/2023\/10\/logo-color.png?w=1500&amp;ssl=1 1500w\" sizes=\"auto, (max-width: 1024px) 100vw, 1024px\" data-recalc-dims=\"1\" \/><\/figure>\n","protected":false},"excerpt":{"rendered":"<p>Ici, on trouvera des articles assembl\u00e9e \u00e0 la main<\/p>\n","protected":false},"author":2,"featured_media":0,"parent":0,"menu_order":0,"comment_status":"closed","ping_status":"closed","template":"","meta":{"footnotes":""},"class_list":["post-62","page","type-page","status-publish","hentry","entry"],"_links":{"self":[{"href":"https:\/\/ducourti.com\/index.php\/wp-json\/wp\/v2\/pages\/62","targetHints":{"allow":["GET"]}}],"collection":[{"href":"https:\/\/ducourti.com\/index.php\/wp-json\/wp\/v2\/pages"}],"about":[{"href":"https:\/\/ducourti.com\/index.php\/wp-json\/wp\/v2\/types\/page"}],"author":[{"embeddable":true,"href":"https:\/\/ducourti.com\/index.php\/wp-json\/wp\/v2\/users\/2"}],"replies":[{"embeddable":true,"href":"https:\/\/ducourti.com\/index.php\/wp-json\/wp\/v2\/comments?post=62"}],"version-history":[{"count":6,"href":"https:\/\/ducourti.com\/index.php\/wp-json\/wp\/v2\/pages\/62\/revisions"}],"predecessor-version":[{"id":395,"href":"https:\/\/ducourti.com\/index.php\/wp-json\/wp\/v2\/pages\/62\/revisions\/395"}],"wp:attachment":[{"href":"https:\/\/ducourti.com\/index.php\/wp-json\/wp\/v2\/media?parent=62"}],"curies":[{"name":"wp","href":"https:\/\/api.w.org\/{rel}","templated":true}]}}